ainder when 179 is divided by 14?
11
What is the remainder when 99 is divided by 34?
31
What is the remainder when 146 is divided by 25?
21
What is the remainder when 136 is divided by 59?
18
What is the remainder when 306 is divided by 46?
30
What is the remainder when 6282 is divided by 103?
102
What is the remainder when 132 is divided by 21?
6
Calculate the remainder when 50776 is divided by 39.
37
Calculate the remainder when 3115 is divided by 111.
7
Calculate the remainder when 1221 is divided by 35.
31
What is the remainder when 2376 is divided by 148?
8
Calculate the remainder when 282 is divided by 277.
5
Calculate the remainder when 922 is divided by 22.
20
What is the remainder when 250 is divided by 74?
28
Calculate the remainder when 118 is divided by 59.
0
What is the remainder when 586 is divided by 26?
14
Calculate the remainder when 1773 is divided by 71.
69
What is the remainder when 515 is divided by 47?
45
Calculate the remainder when 22055 is divided by 129.
125
What is the remainder when 209 is divided by 72?
65
Calculate the remainder when 112 is divided by 91.
21
What is the remainder when 209 is divided by 53?
50
What is the remainder when 2471 is divided by 118?
111
Calculate the remainder when 453 is divided by 27.
21
Calculate the remainder when 768 is divided by 150.
18
What is the remainder when 28 is divided by 3?
1
What is the remainder when 397 is divided by 16?
13
Calculate the remainder when 357 is divided by 53.
39
Calculate the remainder when 182 is divided by 32.
22
Calculate the remainder when 4289 is divided by 81.
77
Calculate the remainder when 882 is divided by 214.
26
What is the remainder when 1727 is divided by 9?
8
What is the remainder when 718 is divided by 29?
22
Calculate the remainder when 236 is divided by 140.
96
Calculate the remainder when 31710 is divided by 32.
30
What is the remainder when 287 is divided by 32?
31
What is the remainder when 1681 is divided by 240?
1
What is the remainder when 498 is divided by 65?
43
Calculate the remainder when 212 is divided by 54.
50
Calculate the remainder when 846 is divided by 142.
136
What is the remainder when 765 is divided by 13?
11
Calculate the remainder when 845 is divided by 19.
9
Calculate the remainder when 95 is divided by 14.
11
What is the remainder when 595 is divided by 13?
10
Calculate the remainder when 66 is divided by 23.
20
Calculate the remainder when 382 is divided by 98.
88
What is the remainder when 27736 is divided by 201?
199
What is the remainder when 890 is divided by 180?
170
What is the remainder when 88 is divided by 19?
12
What is the remainder when 148 is divided by 19?
15
Calculate the remainder when 164 is divided by 52.
8
Calculate the remainder when 482 is divided by 239.
4
What is the remainder when 7110 is divided by 127?
125
What is the remainder when 611 is divided by 88?
83
Calculate the remainder when 555 is divided by 3.
0
What is the remainder when 339 is divided by 20?
19
What is the remainder when 1019 is divided by 55?
29
What is the remainder when 449 is divided by 63?
8
What is the remainder when 93 is divided by 3?
0
Calculate the remainder when 678 is divided by 186.
120
Calculate the remainder when 478 is divided by 105.
58
What is the remainder when 208 is divided by 6?
4
Calculate the remainder when 1065 is divided by 213.
0
Calculate the remainder when 77 is divided by 10.
7
Calculate the remainder when 77 is divided by 36.
5
What is the remainder when 49 is divided by 25?
24
Calculate the remainder when 559 is divided by 33.
31
Calculate the remainder when 1556 is divided by 32.
20
What is the remainder when 1418 is divided by 20?
18
Calculate the remainder when 28795 is divided by 29.
27
What is the remainder when 1371 is divided by 281?
247
What is the remainder when 529 is divided by 110?
89
Calculate the remainder when 182 is divided by 3.
2
Calculate the remainder when 1943 is divided by 28.
11
Calculate the remainder when 482 is divided by 150.
32
Calculate the remainder when 3230 is divided by 79.
70
What is the remainder when 2476 is divided by 20?
16
Calculate the remainder when 10267 is divided by 367.
358
What is the remainder when 195 is divided by 83?
29
Calculate the remainder when 73 is divided by 8.
1
What is the remainder when 76 is divided by 6?
4
What is the remainder when 26849 is divided by 137?
134
What is the remainder when 1963 is divided by 977?
9
What is the remainder when 773 is divided by 25?
23
What is the remainder when 255 is divided by 52?
47
Calculate the remainder when 14 is divided by 12.
2
Calculate the remainder when 6 is divided by 5.
1
What is the remainder when 25 is divided by 7?
4
Calculate the remainder when 2459 is divided by 82.
81
Calculate the remainder when 662 is divided by 164.
6
What is the remainder when 3890 is divided by 45?
20
Calculate the remainder when 924 is divided by 457.
10
What is the remainder when 198 is divided by 74?
50
What is the remainder when 1371 is divided by 6?
3
Calculate the remainder when 147 is divided by 23.
9
What is the remainder when 16 is divided by 12?
4
What is the remainder when 2045 is divided by 226?
11
Calculate the remainder when 41 is divided by 6.
5
What is the remainder when 4652 is divided by 21?
11
What is the remainder when 772 is divided by 43?
41
What is the remainder when 88 is divided by 36?
16
Calculate the remainder when 413 is divided by 26.
23
What is the remainder when 76 is divided by 7?
6
What is the remainder when 195 is divided by 114?
81
Calculate the remainder when 11198 is divided by 17.
12
Calculate the remainder when 28 is divided by 11.
6
Calculate the remainder when 1550 is divided by 770.
10
Calculate the remainder when 95 is divided by 14.
11
What is the remainder when 100 is divided by 17?
15
What is the remainder when 622 is divided by 25?
22
What is the remainder when 2524 is divided by 252?
4
What is the remainder when 725 is divided by 240?
5
Calculate the remainder when 1395 is divided by 696.
3
What is the remainder when 47 is divided by 18?
11
What is the remainder when 416 is divided by 376?
40
Calculate the remainder when 9132 is divided by 18.
6
Calculate the remainder when 342 is divided by 88.
78
Calculate the remainder when 2933 is divided by 140.
133
What is the remainder when 3819 is divided by 39?
36
Calculate the remainder when 84 is divided by 65.
19
Calculate the remainder when 28 is divided by 6.
4
Calculate the remainder when 969 is divided by 15.
9
What is the remainder when 2750 is divided by 4?
2
Calculate the remainder when 3250 is divided by 325.
0
Calculate the remainder when 72 is divided by 15.
12
Calculate the remainder when 525 is divided by 22.
19
Calculate the remainder when 233 is divided by 18.
17
Calculate the remainder when 753 is divided by 235.
48
Calculate the remainder when 72 is divided by 4.
0
What is the remainder when 568 is divided by 38?
36
What is the remainder when 475 is divided by 21?
13
Calculate the remainder when 708 is divided by 165.
48
What is the remainder when 37 is divided by 12?
1
What is the remainder when 555 is divided by 17?
11
Calculate the remainder when 2841 is divided by 938.
27
Calculate the remainder when 317 is divided by 149.
19
What is the remainder when 3178 is divided by 323?
271
Calculate the remainder when 31 is divided by 6.
1
What is the remainder when 200 is divided by 70?
60
What is the remainder when 658 is divided by 113?
93
Calculate the remainder when 276 is divided by 128.
20
What is the remainder when 94 is divided by 19?
18
What is the remainder when 2260 is divided by 26?
24
What is the remainder when 855 is divided by 65?
10
Calculate the remainder when 157 is divided by 18.
13
What is the remainder when 177 is divided by 43?
5
Calculate the remainder when 1820 is divided by 58.
22
Calculate the remainder when 1054 is divided by 5.
4
What is the remainder when 112 is divided by 27?
4
Calculate the remainder when 828 is divided by 13.
9
Calculate the remainder when 41 is divided by 14.
13
What is the remainder when 5471 is divided by 72?
71
Calculate the remainder when 11189 is divided by 19.
17
Calculate the remainder when 362 is divided by 33.
32
What is the remainder when 1308